 the greatest common divisor of 68 and y.
17
Suppose -l + 19 = 4*f - 2*f, 3*l - 3*f = 39. Calculate the greatest common divisor of l and 60.
15
Suppose 4*j - 190 = 5*k + 75, -4*j = -4*k - 260. Let r = j - -50. Let m(u) = -5*u. Let y be m(-2). Calculate the greatest common divisor of y and r.
10
Let w(o) = 2*o**2 + 5*o + 2. Let i be w(-5). What is the greatest common divisor of i and 3?
3
Suppose -q = -2*q - 3, 2*b = 2*q + 436. Calculate the highest common factor of 43 and b.
43
Let i = 35 - 23. Suppose 3*s - 39 = -5*m, i = s + m + m. What is the highest common divisor of s and 72?
18
Let s = -40 + 50. What is the highest common divisor of 80 and s?
10
Let p(n) = n**3 - 7*n**2 + 12*n - 8. Let q be p(11). Suppose 5*h = h + q. Calculate the greatest common divisor of 19 and h.
19
Let s(i) = 2*i + 21. Let j be s(-9). Let w be (23 - 0 - 0) + 1. Calculate the greatest common factor of w and j.
3
Let n(d) = d**3 + 9*d**2 + 4. Let l be n(-6). Suppose 0 = -j - j + 4. Suppose 5*a - l = -j. What is the greatest common divisor of 2 and a?
2
Let o = -2 + 7. Suppose 6*t - o*t = 15. What is the greatest common divisor of 30 and t?
15
Suppose 5*u - 28 = u. Suppose 0 = -i + u - 2. Suppose 0*l - i*l + 60 = 0. Calculate the greatest common divisor of 84 and l.
12
Suppose 4*u - 62 = n, u + 3*n = 6*u - 74. What is the highest common divisor of 16 and u?
16
Let m be (1/(-4))/(5/(-140)). Let o = 2 + m. Calculate the highest common divisor of o and 1.
1
Let a = -192 - -456. What is the greatest common divisor of a and 33?
33
Suppose 22*p - 19 = 69. Suppose -17 - 43 = -3*c. Calculate the highest common factor of p and c.
4
Let c be -1 + 0 + 4 + 16. Suppose -5*w - 6 - c = -3*i, -w - i - 5 = 0. Let d be (-55)/2*16/w. What is the greatest common factor of d and 11?
11
Let f = 69 + -47. What is the greatest common factor of f and 33?
11
Suppose 16*c - 90 = 6*c. Calculate the highest common divisor of 72 and c.
9
Let b(c) = 64*c**3 - c**2. Let d be 24/14 - 6/(-21). Suppose -d*r = -r + z, -5*z - 6 = -r. Let h be b(r). What is the highest common factor of 7 and h?
7
Let v = 133 - 93. Let z = 87 - -13. Calculate the highest common divisor of v and z.
20
Let l be (12 + (-5 - -3))*1. Let y be (0 + (-30)/(-4))*2. What is the greatest common divisor of y and l?
5
Suppose 2*a = 3*x + a - 10, -14 = -4*x + 2*a. Let f = 9 - x. What is the greatest common factor of f and 66?
6
Suppose 2*d - 5*y - 64 = 0, 5*d - 2*y - 206 = -67. What is the greatest common factor of 3 and d?
3
Suppose -4*h - 2*a + 126 = 0, 94 = 3*h + 4*a - 3*a. Let x = h - 16. What is the highest common factor of 10 and x?
5
Let g = 13 + 92. Calculate the highest common factor of g and 35.
35
Let k(m) = m + 22. Let l be k(-10). What is the highest common factor of 36 and l?
12
Let x be (138/(-9))/((-7)/(-21)). Let o = x + 90. Calculate the highest common factor of 110 and o.
22
Let s(d) = -d + 12. Let w be s(2). Calculate the greatest common divisor of 110 and w.
10
Suppose -5*x - 1 + 36 = 0. Calculate the highest common divisor of x and 7.
7
Suppose 47 = -3*t - 4*d, -3*t - 2*d = -t + 32. Let o = t + 70. Suppose 3*h - 63 = -2*i, -i - i = h - o. What is the highest common divisor of i and 6?
6
Let n = -14 + 35. What is the highest common factor of 231 and n?
21
Suppose 3*u - 12 = -6. Let w be (-6)/(2 + 14/(-4)). Suppose w*a - 14 = u. Calculate the greatest common factor of 12 and a.
4
Let c be (34/(-6))/(5/135). Let b = 252 + c. What is the highest common divisor of 9 and b?
9
Suppose -5*k = -2*r + 103, 5*r - 315 = -k + 2*k. Suppose -r = -2*v - 2*v. What is the greatest common divisor of v and 24?
8
Let p(q) = 7*q + 7. Let m be p(5). Let t = -12 + 18. What is the greatest common factor of m and t?
6
Let r = 2 + 0. Suppose 4*g + 14 = 4*m + 3*g, -4*m + 18 = -3*g. Suppose 0 = m*h - 4*h + 2. What is the highest common divisor of h and r?
2
Let p(v) = -2*v. Let z be p(0). Let d be (z - -4)/((-5)/(-20)). What is the greatest common factor of d and 2?
2
Let y(z) = 4 - 12*z - 5*z - 8*z + 7*z. Let p be y(-2). What is the highest common divisor of 60 and p?
20
Suppose -3*k - 17 + 122 = 0. What is the highest common factor of 7 and k?
7
Suppose 0 = -2*q + 47 + 13. Let b be (12/5)/(1/q). Let h(x) = x**3 + 5*x**2 + 2*x - 3. Let k be h(-3). What is the greatest common divisor of k and b?
9
Suppose -16*p + 36 = -13*p. Calculate the highest common divisor of p and 60.
12
Suppose -9*l + 70 = -2*l. What is the greatest common factor of l and 80?
10
Let z be (-1)/((-1)/(-2))*38. Let b = z + 106. Let j(q) = 17*q - 6. Let v be j(3). Calculate the highest common factor of b and v.
15
Let l(b) = b**2 - 8*b + 8. Let d = -6 - -13. Let a be l(d). Let i be (2 - (-24)/2)*a. What is the greatest common divisor of 35 and i?
7
Let i(o) be the second derivative of -o**4/12 + 5*o**3/2 - 5*o**2 - 6*o. Let v be i(14). What is the greatest common divisor of 4 and v?
4
Suppose 2*h = t - 3*h - 230, 5*t = 5*h + 1050. Let y = t + -112. Let k = 192 - y. Calculate the highest common divisor of k and 11.
11
Let y = -115 - -309. Suppose -3*f = -f - y. Suppose s - 3*j - 1 = 2, -4*s = 5*j - f. What is the highest common divisor of s and 45?
9
Let z = 16 + -8. Suppose 3*h - z*h + 180 = 0. What is the greatest common divisor of h and 90?
18
Let c(l) = l + 18. Let s be c(0). Calculate the greatest common factor of s and 90.
18
Suppose -5 = -6*c + 5*c. Suppose c*b = -9*w + 4*w + 395, 5*b - 440 = 4*w. Calculate the greatest common factor of b and 12.
12
Let s = -4 - -8. Calculate the highest common divisor of s and 6.
2
Let d(h) = 9*h**2 + 5*h + 6. Let y be d(-3). What is the highest common divisor of 9 and y?
9
Let r be 2/(-14) - (396/(-28) - -2). What is the greatest common divisor of 3 and r?
3
Let f be 68 + -1 + -1 - 2. Let h = 8 + 0. Calculate the highest common divisor of h and f.
8
Let u = 12 - -23. Let n = -1118 - -1125. What is the highest common divisor of u and n?
7
Suppose l + 5*g = 61, 4*l - 155 - 74 = -5*g. What is the highest common divisor of l and 7?
7
Let q = -2 + 3. Let w be q - -4*1*2. Let b be (3/(-2))/((-8)/240). Calculate the highest common divisor of w and b.
9
Let c(j) = 3*j - 1. Let b be c(7). Suppose -31*p = -29*p - 160. Calculate the greatest common divisor of b and p.
20
Suppose 5*b + 2803 = 4*j + 693, 0 = 2*j + 3*b - 1044. Suppose 5*h = 2*h + j. What is the highest common factor of h and 25?
25
Suppose 2*z = -2*w + 50, -4*w = -2*z - 137 + 25. What is the highest common factor of 216 and w?
27
Let s be 12*(14/(-8) - -1). Let t = -1 - s. Let g be (6/(-1))/((-3)/t). What is the greatest common divisor of g and 128?
16
Suppose 0*m + 3*m = 9. Suppose 0 = -z + m*a, -2*a = -7*a + 10. What is the greatest common factor of 66 and z?
6
Suppose 18 + 18 = 3*b. Calculate the highest common divisor of 156 and b.
12
Suppose 12 = -4*a, -21 = 2*r - 2*a + 7*a. Let o(k) = k + 6. Let g be o(r). Calculate the greatest common divisor of 3 and g.
3
Suppose -2*v + 8 = 2*v, 0 = 4*r + 5*v - 22. What is the highest common divisor of r and 12?
3
Suppose -11*i = -7*i - 40. Let q(p) = -p**2 - 6*p - 4. Let v be q(-4). Calculate the highest common divisor of i and v.
2
Let o(s) = -s + 10. Let k be o(6). Let w(m) = 3*m + 15. Let a be w(-6). Let p = k + a. What is the highest common divisor of 4 and p?
1
Let u(t) = 6*t**2 - t - 5. Let l = -2 - 8. Let m be u(l). Suppose 6*y - m = y. Calculate the highest common factor of y and 11.
11
Let u be -43 + 3 + -2 + 0. Let v = u - -196. Let c be (-1 - 1)/((-15)/165). Calculate the greatest common divisor of c and v.
22
Let v(z) = 15*z - 7. Let k = 10 - 5. Let m be v(k). Let a be (m/6 - 3)*3. What is the greatest common divisor of 5 and a?
5
Let j(w) = -w**3 - 10*w**2 - w - 9. Let s(d) = -d**2 + 4*d + 2. Let r be s(6). Let c be j(r). Let h = c + 5. What is the highest common divisor of 15 and h?
3
Let w = -5 + 9. Suppose 2*y = -y + 12, 3*x = w*y + 5. Calculate the greatest common divisor of 56 and x.
7
Let s(p) = -7*p. Let x be s(-2). Suppose -3*y = -4 - 38. Calculate the greatest common divisor of y and x.
14
Suppose -3*v = n + 11, 0*v + 3*n = -v - 17. Let c be (-2 + -3)/(v/6). Calculate the highest common factor of c and 105.
15
Let y(n) = -n**3 - 13*n**2 - 20*n + 13. Let j be y(-13). What is the greatest common divisor of 39 an